mon divisor of v and 99.
11
Let z(j) = -17*j + 15. Suppose -1 = -4*y - 5, g + 8 = y. Let p be z(g). What is the greatest common divisor of p and 24?
24
Let y(q) = -q. Let o be y(-2). Let v(x) = 319*x**3 + x**2 - x + 1. Let i be v(1). Suppose -7*k = -o*k - i. What is the highest common divisor of k and 8?
8
Let a = -127 + 131. What is the highest common divisor of 44 and a?
4
Let a be (-32)/(-6)*(-8 - -5). Suppose 0 = 3*i + 3, -4*r + 5*i = -409. Let t = r + a. What is the highest common divisor of t and 34?
17
Suppose -a + v + 378 = 0, -5*a + 17*v = 21*v - 1863. What is the highest common factor of a and 450?
75
Let w be (-17 + 2)/(-3) + 2. Calculate the greatest common divisor of 77 and w.
7
Suppose 6*b - i - 490 = b, 0 = 2*b + 5*i - 196. Let x be -2 + 12 + 2 - -2. What is the greatest common divisor of x and b?
14
Suppose 4*w + 38 = 5*g, w + 58 = -3*w - 5*g. Let o be 1264/30 + w/90. Let h(n) = -3*n - 4. Let z be h(-6). What is the highest common factor of o and z?
14
Let q = -9125 + 9230. Let s = -13 - -28. Calculate the greatest common divisor of s and q.
15
Suppose -8*f + 19*f = 440. What is the highest common divisor of f and 64?
8
Suppose 0 = 4*g - 2*q - 1318, g + q - 330 = 2*q. What is the greatest common factor of 47 and g?
47
Suppose x = 36 - 6. Suppose o = 2*y - 33, -3*y + 4*o = -26 - 31. What is the highest common divisor of x and y?
15
Suppose 1 = -s, 0*s - s = 4*p - 51. Let w(g) = 11*g**3 - g**2 - 2*g - 2. Let o be w(-1). Let j be -117*4/o*1. Calculate the greatest common factor of j and p.
13
Let b = 691 + -683. Calculate the greatest common factor of b and 11.
1
Let z be (-1 - 86)/(((-48)/(-6))/(-8)). Calculate the highest common divisor of z and 6.
3
Let t = -1 + 4. Suppose 23 = 3*c + 2*c + t*z, 2*z - 18 = -4*c. Suppose -11 = 5*j - 2*l - 101, c*l = -20. Calculate the highest common divisor of j and 48.
16
Let g = -8 - -10. Let c(j) = 10 - j**g - 8 + 6 - 9*j. Let u be c(-8). What is the greatest common divisor of u and 144?
16
Let m(o) = o + 1. Let u be m(6). Suppose 104 = u*f - 3*f. Let i = -18 + f. Calculate the highest common divisor of 56 and i.
8
Suppose -3*w + n = -n - 235, 5*w + n - 383 = 0. Suppose -w*c + 82*c = 180. Calculate the greatest common factor of c and 24.
12
Let i(y) = 97*y**3 + 3*y - 4. Let c be i(1). What is the greatest common factor of 6 and c?
6
Suppose 84*k + h = 86*k - 36, 4 = h. Let m(o) = -o**2 + 5. Let y be m(0). Calculate the greatest common factor of k and y.
5
Suppose a = 2*v - 281 + 43, 5*a = -20. Let h(s) = -4*s + 40. Let j be h(6). Suppose -1560 = -4*r - j*r. What is the highest common factor of r and v?
39
Suppose 3*w = 7*w - 180. Let d = w - 41. Calculate the greatest common divisor of d and 4.
4
Let o be (-45)/10*(1 - 51). Let y(w) = -60*w + 385. Let k be y(6). Calculate the greatest common factor of o and k.
25
Let t be (255/6)/(-1*(-4)/8). Let z = -82 + t. Suppose 0 = -2*a + 27 + 15. What is the greatest common factor of z and a?
3
Suppose -10 = 4*w - 5*j, -3*j + 6 = -4*w - w. Suppose -4*q + 111 + 177 = w. What is the highest common factor of q and 24?
24
Suppose -l + 261 = -6*b + b, -2*b + 1066 = 4*l. What is the highest common divisor of l and 38?
38
Suppose 7*n - 95 = 6*n. Let h = -380 - -418. Calculate the highest common divisor of h and n.
19
Let o be -3 + (-60)/(-3) + -2. Suppose -4*q + o = -5. Suppose -61 = -q*x + 39. Calculate the highest common factor of 8 and x.
4
Let y(a) = -a**3 + a**2 - 11*a + 3. Let p(z) = -z**2 + z. Let h(t) = 6*p(t) + y(t). Let m be h(-4). What is the highest common divisor of 56 and m?
7
Let k = 97 + -96. Let n(q) = -q**2 + 8*q + 1. Let t be n(8). What is the greatest common factor of k and t?
1
Suppose 2*b = b - 1. Let p be 6*(0 - b/(-3)). Let z = p - -9. What is the highest common factor of z and 56?
7
Suppose 0 = -10*t + 8*t. Suppose t = -3*a + 66 + 54. Calculate the highest common factor of 5 and a.
5
Let p(q) = 53*q**2 + 5*q + 4. Let k be p(-1). What is the greatest common factor of 468 and k?
52
Let r(n) = -15*n - 1146. Let g be r(-81). Let k be (-92)/2*(-1)/2. What is the highest common divisor of g and k?
23
Let w(v) = -v + 29. Let o be w(-4). Suppose 5*x + 2*c + 20 = 684, 0 = 4*x + c - 530. What is the greatest common factor of o and x?
33
Suppose -5*a = -f + 73, a = -4*f + 2*a + 197. Let s = f - -15. What is the highest common divisor of s and 9?
9
Let d(o) = 2*o**2 - 154*o - 1873. Let m be d(-11). Let u(f) = f**2 + f + 1. Let y be u(-3). What is the highest common factor of m and y?
7
Let q(z) = 2*z**2 + 3*z - 7. Let y be q(5). Suppose -2*m + k + 135 = 0, -3*m = m - 5*k - 273. Let u = m + 78. What is the highest common divisor of u and y?
29
Let k(w) = 55*w**2 + w + 1. Let o be k(-1). Suppose -5*f = -11*f + 6. Suppose o = 4*s - f. What is the greatest common factor of s and 14?
14
Suppose 36 = 4*v - 84. Suppose 2*h - 2 - 4 = 0, 2*q - 4*h - 108 = 0. Calculate the highest common factor of q and v.
30
Let r be 90 - 90 - 144/(-2). Suppose 0 = -3*y + 4*i + 31, y - 10 = 5*i + 4. What is the highest common divisor of y and r?
9
Let d(w) = -w**3 - 23*w**2 + 20*w + 24. Let q = -35 + 11. Let i be d(q). Calculate the highest common divisor of 24 and i.
24
Let m be (6 - (-10)/(-10))*9. What is the highest common divisor of m and 165?
15
Let i be (2 + (-5)/2)*-2. Suppose 0 = -2*g + 5 + i. Suppose -45 = -2*y + 3*r, -12*y - r = -7*y - 104. Calculate the greatest common divisor of g and y.
3
Suppose -3*g = -2*t + 10, 7*t + 32 = 10*t + 4*g. Calculate the greatest common factor of 16 and t.
8
Let x = -37 + 53. Let d(q) = -q + 4 + 1 + x*q. Let w be d(6). What is the greatest common factor of 38 and w?
19
Let b be ((-24)/(-10))/((-716)/(-2685)). Let p(v) = 3*v**2 - 3*v + 3. Let f be p(-4). What is the greatest common factor of f and b?
9
Let x be (6/(-4)*1*86)/(-1). Let y = -91 + x. What is the highest common factor of 19 and y?
19
Let k = -23 - -25. Let m be 0/(0 - k) - -11. Calculate the highest common factor of 22 and m.
11
Let f be (-69)/(-46)*128/6. Calculate the greatest common divisor of f and 256.
32
Let d(b) = 10 + 4 + 4 - b + 9. Let m be d(19). Calculate the highest common divisor of 104 and m.
8
Let d be (-3 + (-33)/(-6))*20. Let s = 57 + -47. Calculate the highest common divisor of d and s.
10
Let u = 37 - 13. Suppose -2*j - 2*l + u = 0, 2*j = -2*j + 5*l + 12. Let x = 18 - j. What is the greatest common factor of 10 and x?
10
Let f(r) = 19*r**2 + 4*r - 12. Let k be f(-5). Suppose -4*i - i = -o + 199, 2*o - k = i. Calculate the greatest common factor of o and 28.
28
Suppose -2 = t, -12*n = -15*n + 4*t + 281. What is the greatest common divisor of 13 and n?
13
Suppose 0 = 3*j + 11*j - 5950. Calculate the greatest common divisor of 25 and j.
25
Suppose -5*q - 109 - 231 = 0. Let a = -18 + -30. Let u = a - q. What is the greatest common factor of 60 and u?
20
Let x be ((-4134)/265)/((-4)/10). What is the greatest common divisor of x and 546?
39
Let g be (84 - -56) + 1*-5. Let l(b) = 11*b - 1. Let i be l(5). Calculate the highest common factor of i and g.
27
Let o(l) = l**2 - 5*l - 5. Let r be o(6). Let v be (-2)/(3/9 - r). Suppose 0 = -4*p + v*p + 2, 2*f = 3*p + 494. What is the highest common divisor of 25 and f?
25
Suppose -12*h + 46 + 50 = 0. Calculate the greatest common divisor of h and 56.
8
Suppose 2*d - 3*n - 18 = 0, 0 = 5*d - 29*n + 30*n - 79. What is the greatest common divisor of 15 and d?
15
Suppose 4*g + 2 = 5*g. Suppose 0 = 4*c + 3*w - 5, 2*w = -4*c - g*w. Suppose -c*f + 25 = -s + 58, -1 = f. Calculate the greatest common factor of 308 and s.
28
Let g(y) = 79*y**3 + y**2 - 4*y + 4. Let k be g(1). Calculate the highest common factor of k and 5.
5
Let i = -428 + 445. What is the greatest common factor of i and 901?
17
Let s = 126 + -72. Calculate the greatest common divisor of 132 and s.
6
Suppose -112 = -5*r + f, 2*r - 58 = -r - 4*f. Let p = 39 - r. What is the highest common factor of p and 136?
17
Let x = 396 - 384. What is the highest common divisor of 108 and x?
12
Let p be (-18)/12*20/(-6). Let h(v) = v**3 - 4*v**2 - 4*v + 7. Let r be h(p). Suppose 3*n - 4*n = -84. Calculate the greatest common factor of n and r.
12
Suppose -5*m + 4 + 11 = -4*d, -2*m + 6 = -4*d. Suppose 5*c + 10 = 40. Let h be (-1 - 4/c*-6)*4. What is the highest common